2/7 + (-4)/(-14). Suppose j*b + 3 = b. Let f be (2/b)/((-4)/78). What is the greatest common divisor of 65 and f?
13
Let w(t) = 3*t + 2. Let f be w(2). Let j be 20 + 88/24 + 1/3. What is the greatest common factor of f and j?
8
Let t(s) = -4*s**2 + 1 + 8*s**2 + 5*s + 0 + 4. Suppose n + 0 = -5. Let u be t(n). Calculate the highest common factor of 10 and u.
10
Let q = -36 + 63. Let a = q - 14. What is the highest common factor of a and 104?
13
Let r = 20 - 6. Suppose 5*x + 35 = 5*o, 2*o - 3*x = -2*x + r. What is the highest common divisor of 63 and o?
7
Suppose 7*a + 47 - 201 = 0. Calculate the greatest common factor of 88 and a.
22
Suppose -137 - 295 = -4*n. Calculate the highest common factor of n and 12.
12
Let c be 6/33 + 432/44. Calculate the highest common factor of c and 90.
10
Suppose -x = -4*x + 12. What is the greatest common divisor of x and 16?
4
Let i(f) = 14*f**2 - 2*f - 1. Let j(z) = z - 11. Let g be j(10). Let s be i(g). Let o be (-5)/(s/6)*-5. What is the greatest common factor of 20 and o?
10
Suppose 4*g + 4*u = 72, 5*g - u = 2*u + 98. Let y = -11 + g. Suppose -4*n + 32 = y. Calculate the greatest common divisor of n and 54.
6
Suppose 2 - 306 = -8*s. What is the highest common factor of 114 and s?
38
Let n = -4 + 9. What is the highest common divisor of 40 and n?
5
Let i = 21 - 9. Suppose 6 = 3*t, -d = -2*t - 66 - 26. Calculate the highest common divisor of i and d.
12
Let s(o) = -o**3 - 16*o**2 - o + 15. Let a be s(-16). Calculate the highest common divisor of 62 and a.
31
Let f(u) = 9*u**2 - 2*u - 3. Let v be f(-2). Calculate the greatest common divisor of v and 37.
37
Let u be -4*(-1 - (-182)/(-8)). Let s = -37 + 75. Calculate the highest common divisor of s and u.
19
Suppose 0 = 4*r + 4*r - 608. What is the greatest common factor of r and 57?
19
Suppose 3 + 1 = -4*x. Let h be 612/15 - x/5. Suppose -h = -d - 13. Calculate the greatest common factor of 4 and d.
4
Let x be 2 + 1 + (-210)/(-10). Suppose k + 6 = x. What is the greatest common divisor of 6 and k?
6
Let m(c) = c - 7. Let f be m(7). Suppose -5*i = p - 152, f = -i + 2*p - 0*p + 26. What is the greatest common divisor of 45 and i?
15
Let f = -20 + 38. Suppose -5*z + f + 102 = 0. Suppose -4*i + 75 = 11. Calculate the highest common factor of z and i.
8
Let i = -1 + 1. Suppose i = 5*t - 31 + 11. What is the highest common divisor of t and 20?
4
Suppose 5*h + 0*h = 45. Suppose 5*r - 191 + 22 = -2*x, 0 = 4*x - 8. Suppose 0 = 2*a - r - 3. Calculate the highest common divisor of a and h.
9
Let u be (-28)/6*(0 + -3). Calculate the highest common divisor of 35 and u.
7
Suppose -5*c - 3 = -13. Suppose -6 = -c*f + 74. What is the greatest common divisor of 60 and f?
20
Let s be 119 + 1 - (-2)/(-2). Suppose s + 61 = 4*j. What is the greatest common divisor of j and 9?
9
Let h = -3 + 4. Let z be 9/6*-2 + 4. Suppose -4*l + 3*v - z = 0, -3*v + v + 4 = -l. What is the greatest common divisor of l and h?
1
Let n(q) = q**3 + 16*q**2 - 20*q - 9. Let m be n(-17). Calculate the highest common factor of 7 and m.
7
Let b(u) = -u - 7. Let t be b(-7). Suppose m - 7 = 3*k - 7*k, t = 2*k + 6. Calculate the greatest common factor of 171 and m.
19
Let c(n) = 7*n**2 - 1. Suppose -4*b = -9*b - 10. Let j be c(b). What is the highest common factor of 9 and j?
9
Suppose -4*l + w = -45 - 7, 4*w + 26 = 3*l. Let p = 0 - -7. What is the greatest common factor of p and l?
7
Let t be (-1 - 0/1)/(-1). Let z be 1/(t/((-81)/(-3))). Suppose z = v - 4*q, 4*v + q = -4*q + 150. Calculate the greatest common factor of 14 and v.
7
Suppose 0 = -n - 4*l, -2*n + 12 = 4*l - 0. Calculate the highest common factor of 8 and n.
4
Let c(s) = 2*s**2 + 2*s - 1. Let d be c(-2). Let w = d + -1. Calculate the highest common factor of 8 and w.
2
Suppose q = -2*q + 30. What is the highest common factor of 40 and q?
10
Let i(z) = z**3 + 9*z**2 - 12*z - 15. Let t be i(-10). What is the greatest common divisor of t and 5?
5
Let f(n) = -4*n - 10. Let h be f(-10). Calculate the highest common divisor of h and 12.
6
Let a(s) be the third derivative of s**6/60 + s**5/20 - s**4/8 - 4*s**2. Let i be a(2). What is the highest common factor of 22 and i?
22
Suppose 2*l = -4*h + 134, 0*h + 3*h = -l + 99. Calculate the greatest common factor of h and 8.
8
Let p(s) = s**3 - 7*s**2 + 3*s. Suppose -c + 11 = t + 1, 2*t = 2*c - 8. Let x be p(c). Let q = x + 1. Calculate the greatest common divisor of 110 and q.
22
Suppose -3*g + 5*r + 57 = 0, 27 + 24 = 2*g + r. Let b be 1*2/4*8. Let f be (-6)/b*(-8)/4. Calculate the highest common divisor of g and f.
3
Let o(d) = -d**2 + 5*d + 3. Let i be o(6). Let x = 45 + i. What is the highest common divisor of x and 14?
14
Let q(f) = f**3 - 3*f**2 + f. Let m be q(2). Let v be -2*(-2 + 5/m). Calculate the greatest common factor of v and 9.
9
Suppose 5*o = 11*o - 1440. What is the highest common factor of o and 15?
15
Let n = 80 - 45. What is the greatest common factor of n and 5?
5
Let s = 3 - 1. What is the highest common factor of 8 and s?
2
Suppose -3*p = -396 - 90. What is the highest common factor of p and 18?
18
Let q be (3 - 2) + -1 + 9. Let f be (1 + 0)/((-1)/(-3)). Let a = 0 + f. What is the greatest common factor of a and q?
3
Let j = -29 - -101. Let n = j - 129. Let l = 129 + n. Calculate the greatest common factor of l and 12.
12
Suppose -n - 199 = -4*o + 92, -84 = -o + 4*n. Suppose -o = -2*l + 4. Calculate the greatest common factor of l and 57.
19
Suppose 129 = 3*v - 81. Let f be -1 - (2/(-2) + -28). Calculate the highest common factor of v and f.
14
Let n(q) = 14*q**2 + 7*q + 6. Let k be n(-2). Calculate the greatest common divisor of 64 and k.
16
Suppose 0 = -u + 9 + 9. Suppose -2*m + 20 = -2*l, -4*m + 3*l = -5*m + u. Calculate the greatest common divisor of m and 132.
12
Let v be 4*21/1 - 0. Let n(u) = 10 - 3 - 3 + 4*u. Let l be n(2). What is the greatest common divisor of l and v?
12
Let q = -2 - -4. Suppose 2*o = -z - 2*o + 28, o - 56 = -q*z. Suppose -4*i + 0*i + z = 0. Calculate the highest common divisor of 28 and i.
7
Let h(d) = -2*d**2 - 2*d + 2. Let c(v) = v**2 - v. Let t(y) = 3*c(y) + h(y). Let j be t(6). What is the greatest common factor of 8 and j?
8
Suppose 6*q = 5*q + 9. Calculate the highest common factor of q and 1.
1
Let b be (-338)/(-8) - -5*(-2)/40. What is the highest common divisor of 18 and b?
6
Suppose -5*b + 16 = -9. Suppose 0 = 2*a - 3*u - 210, u - 461 - 30 = -b*a. Calculate the greatest common factor of 11 and a.
11
Let m = -82 + 115. Calculate the greatest common divisor of m and 33.
33
Suppose -841 = -3*s + 269. What is the greatest common divisor of 37 and s?
37
Let x(b) = 9*b**2 - 2*b + 1. Let j be x(1). What is the greatest common factor of j and 88?
8
Suppose 5*r = 5*f + 45, 0*f + 3*f = -12. What is the highest common factor of 95 and r?
5
Let d be 13/5 - (-2)/5. Suppose -5*f - 93 = 3*l, -f + d*f + 50 = 2*l. Let b = 34 - f. What is the highest common divisor of b and 5?
5
Let d = 15 - 11. Let x = 14 - d. What is the highest common divisor of x and 10?
10
Let m be (-30)/(1 + (-6)/4). Suppose 0*l = -4*l + m. Calculate the greatest common divisor of 75 and l.
15
Let s = 48 - 35. Let u = 3 + 0. Suppose 61 = 2*n + u*b, -4*n + 0*b = b - 107. What is the highest common divisor of n and s?
13
Let r(y) = -y**3 + 7*y**2 - 3*y + 1. Suppose -5*o + o = -20. Let b be r(o). Let f be 86/10 - 2/(-5). Calculate the greatest common divisor of f and b.
9
Let v = 90 + -63. What is the greatest common divisor of 135 and v?
27
Let o be (-189)/(-2) - (-27)/(-18). Calculate the highest common divisor of o and 62.
31
Let k = 4 + 1. Suppose -o = -4*o + 3. Calculate the greatest common factor of o and k.
1
Let c be (0 + -1)/(2/(-68)). Let u = 127 - c. Calculate the highest common divisor of 31 and u.
31
Let o(d) = -d**2 - 4*d - 1. Let j be o(-2). Suppose 17 = 2*z - j*l - 28, 5*z - 95 = 4*l. Calculate the greatest common factor of 120 and z.
15
Let i be 16/(1/(2 - 1)). Let r be (-60)/(-35) + (-2)/(-7). What is the highest common divisor of i and r?
2
Suppose 4*h - m - 69 = 0, -2*h + 16 = 2*m - 16. Let y = -18 - -103. What is the greatest common factor of h and y?
17
Suppose -2*y - 10 = -4*y. Suppose 0 = -2*h - 0*k - y*k + 230, -5*h + 3*k + 575 = 0. Calculate the highest common divisor of